 (-2)/(-4 - (-1224)/i)?
7
What is the tens digit of 2 - (7 + (-1376)/4)?
3
Let q(g) = -81*g**2 - 6*g - 4. Let l(s) = -40*s**2 - 3*s - 2. Let a(c) = -13*l(c) + 6*q(c). What is the units digit of a(-1)?
3
Let j(n) = -n**3 + 10*n**2 + 4*n**2 + 0 - 12 + n. What is the units digit of j(14)?
2
Let w(n) = -n + 25. Let d be 2*(7/(-2) + -2). What is the tens digit of w(d)?
3
Suppose 4*x + 16*u = 17*u + 1082, -x + 2*u = -274. What is the units digit of x?
0
What is the units digit of 45/54 - 5894/(-12)?
2
Let i(r) = -5*r - 6. Let p be i(-2). Suppose -2*t = -p*z + 1186, 3*t = 8*t - 15. What is the units digit of z?
8
Suppose -1316 = -41*s + 39*s. What is the tens digit of s?
5
Suppose 0*m + 225 = 2*m - 5*n, -5*m - n + 522 = 0. Suppose -275 - m = -5*z. What is the units digit of z?
6
Suppose 0 = -3*a + 5915 - 488. What is the thousands digit of a?
1
Let b(h) be the second derivative of h**3 + h**2 - 9*h. What is the tens digit of b(7)?
4
Let n(x) = -x**3 - 15*x**2 - 8*x + 64. What is the units digit of n(-19)?
0
Suppose -2*w + 0*w = 34. Let f = -17 - w. Suppose -l + 5*i - i - 3 = f, -4*i + 33 = 5*l. What is the units digit of l?
5
Suppose -3*c + 60 = -0*c. Suppose -5*o - 5*g = -c, 2*o - 4*g = -7 + 3. Suppose o*h - 11 = 27. What is the tens digit of h?
1
Let h(u) = -u**2 + u + 6. Let d be h(4). What is the units digit of (d/(-9))/((-1)/(-54))?
6
Let j(l) be the third derivative of l**5/120 - 13*l**4/24 + 4*l**3/3 + 8*l**2. Let k(g) be the first derivative of j(g). What is the units digit of k(15)?
2
Suppose v + 0*v + 2*t + 371 = 0, -v = -2*t + 379. What is the tens digit of 20/(-40)*(1 + v)?
8
Let d = 142 + -138. What is the tens digit of 3864/(-98)*(-14)/d?
3
Suppose 3*y = 5*h + 286, -5*h = -4*y - 0*y + 383. Suppose 2*p - n = y, 2*n - 71 = -2*p + 35. What is the units digit of p?
0
Let z(r) = r**3 + 6*r**2 + 4*r - 3. Let v be z(-5). Let q(f) = 5 - f**v + 5 - 11*f + 3*f - 2. What is the units digit of q(-7)?
5
Suppose t - 2 - 3 = 0. Suppose 1 = -2*n + t. What is the units digit of (-6)/n*12/(-9)?
4
Suppose -8 = -3*q + 127. Suppose q*u = 46*u - 153. What is the units digit of u?
3
Suppose 0 = j - 2, 24 = w + 3*j + 9. Suppose 455 = -w*g + 14*g. What is the units digit of g?
1
Suppose -4*a + 2*g = -208, a - 74 = -5*g - 0*g. Suppose -h - h + a = 3*w, 5*h = -2*w + 157. What is the units digit of h?
3
Let p(u) = u**3 - 7*u**2 + u + 9. Let w(b) = 2*b - 1. Let s be w(4). Let q be p(s). What is the units digit of (-40)/q*28/(-10)?
7
Let a(j) = -j + 7. Let w(n) = -1. Let f(i) = 2*a(i) + 6*w(i). Let c = -31 - -27. What is the tens digit of f(c)?
1
Suppose 0 = -17*z + 7093 + 217. What is the tens digit of z?
3
Let y be ((-14)/(-28))/((-1)/4). Let k(g) = -2*g**3 + 2*g**2 + g + 2. Let h be k(y). Suppose n + 3*n - h = 0. What is the units digit of n?
6
Suppose 6*n - 4*n = 116. Suppose 5*h = -s + 214 + 108, 3*s + n = h. What is the tens digit of h?
6
Suppose -120 = -7*n - n. What is the units digit of (86/7)/(n/(-35))*-6?
2
Let q = 5 - 6. What is the tens digit of q + 186/3 + 1?
6
Let w = -20 - -21. Let p(a) = -4*a - w - 3 - 4*a + 2. What is the units digit of p(-5)?
8
Suppose -5*p - 3*u + 7*u = 47, 4*p + 5*u = -54. Let j(v) be the first derivative of -v**3/3 - 6*v**2 - 8*v + 14. What is the units digit of j(p)?
3
Let s(t) = -3*t**2 - 175*t + 25. What is the units digit of s(-46)?
7
Let z(g) = 4*g**2 - 32*g - 86. What is the tens digit of z(16)?
2
Suppose 16*y - 6644 - 11052 = 0. What is the units digit of y?
6
What is the units digit of 7 + (-852)/132 + 6737/11?
3
Let k = -40 + 31. Let d(p) = 2*p**2 + 9*p - 15. What is the tens digit of d(k)?
6
Let y = -13 - -15. Suppose y*k + 6 = -k. What is the tens digit of 31 - (2 + k) - 1?
3
Suppose -5*t = 7*t - 2*t. Let v = -1 - -23. Suppose -4*s + 3*s + g + v = t, -3*g = 5*s - 86. What is the units digit of s?
9
Suppose -2*i + 16 = -4*m, -2*i + 16 = -0*m - 3*m. Let o(u) = u**2 + 4*u + 1. What is the tens digit of o(i)?
9
Let y(l) = l + 22 + 0*l - 16. What is the tens digit of y(5)?
1
Suppose 0 = -l - 0 + 11. Suppose -l*v + 6*v = -190. What is the units digit of v?
8
Suppose 3*x - 3052 = 4*i - 5*i, 0 = 3*i - x - 9176. What is the thousands digit of i?
3
Let j(p) = p**2 + 10*p - 1. Let c be j(-9). Let l be 2 + -10*4/8. Let r = l - c. What is the units digit of r?
7
Let j(s) = s**3 - 7*s**2 + s - 5. Let w be j(7). Suppose 6 = 2*x + w. Suppose 2*z = -x*r + 24, -z + 0 + 9 = -2*r. What is the units digit of z?
1
Suppose -3*j - 1868 = -5*k, 4*k - 4*j - 1723 = -235. What is the hundreds digit of k?
3
Let v(w) = -7*w - 9. Let q(n) = -15*n - 16. Let t(j) = 2*q(j) - 5*v(j). What is the tens digit of t(13)?
7
Suppose 5*d + 1159 = 5*u - 2*u, 2*d + 766 = 2*u. Suppose -3*l + u = -3*y - 219, l = 2*y + 196. What is the tens digit of l?
0
Let k(y) = -y**3 - y**2 + y - 1. Let d(x) = x**3 + 7*x**2 + 5*x - 3. Let l(s) = d(s) + 2*k(s). Let z = -43 + 49. What is the units digit of l(z)?
1
Let i(d) = -4*d**3 - 7*d**2 + 10*d - 4. What is the units digit of i(-7)?
5
What is the hundreds digit of 172*(-187)/22*-1?
4
Let i(y) = 12*y + 3. Suppose 3*p - 5*f + 14 = 0, -3*f = 3*p + 3 - 21. Suppose 2 = m - p. What is the units digit of i(m)?
1
Let g be -4*3/(-6) + -1 + 32. What is the tens digit of g + 1 - 8/2?
3
What is the units digit of ((-2)/2)/(10/22320*-4)?
8
Let l(i) = -i**3 + 10*i**2 - 10*i + 12. Let j be l(9). Suppose 0 = 3*p - 2*w - 181, 3*p - 57 - 144 = -j*w. What is the tens digit of p?
6
Suppose 2*c = -5557 + 14951. What is the thousands digit of c?
4
Let c = 0 - -3. Suppose 4*k - 8*m + c*m = 25, -k - 3*m = 15. Suppose i + 4*i - 4*v - 7 = k, i + 2*v = 7. What is the units digit of i?
3
Let p be (20 - 10)*(0 - 1). Let g = -13 - p. Let m(a) = -a**3 - 2*a**2 - 3*a + 2. What is the units digit of m(g)?
0
Let b(y) = -y**2 + 17*y + 16. Let k be b(15). Let d = k - -22. What is the units digit of d?
8
Suppose 0 = -12*z - 1607 + 41135. What is the hundreds digit of z?
2
Suppose -h = -2*h + 4. Let b(v) = -1 + 3 + 8*v + 5*v + 8. What is the tens digit of b(h)?
6
Let p = 19 + -18. Suppose 3 = f + p. What is the units digit of f?
2
Let u(a) = -a**3 - 5*a**2 + 5*a - 5. Let w be u(-6). Let o be w*(2 - (9 + -2)). Let k = o + 17. What is the units digit of k?
2
Suppose 5*w + 10 + 5 = 0, 5*n - 5*w - 90 = 0. Let y(h) = h + 27. What is the tens digit of y(n)?
4
Suppose 4*b = 3*o + 3, -4*o = -b - o - 6. Suppose 120 - 678 = -b*q. What is the tens digit of q?
8
Let m be (2/2 + 29)*(-35)/35. What is the units digit of m*1*121/(-22)?
5
Let v be (5/(-1)*6/(-3))/(-1). Let k(y) = y**2 - y - 2. What is the tens digit of k(v)?
0
Suppose 0 = 11*c - 57*c + 125994. What is the hundreds digit of c?
7
Suppose 2*t + 5*i - 44 = 0, -6*t + t = 2*i - 68. Suppose -55 = -w - t. Let x = 66 - w. What is the tens digit of x?
2
Suppose -6 = -2*d - 4*u - 2, -4 = -2*d + 5*u. Suppose 3*b - d*s + 51 = 0, -2*s + 20 = -b + 3. Let r = b + 39. What is the tens digit of r?
2
Let u(h) = -63*h - 18. What is the hundreds digit of u(-12)?
7
Let o be (-2)/(-1)*(-34)/4. Let v = o - -13. What is the tens digit of (-656)/(-24) - v/6?
2
Let y = 309 - 207. What is the tens digit of y?
0
Suppose 4*n - 2967 = 2029. What is the thousands digit of n?
1
Let w(g) = 3*g - 13. Suppose 0 = -3*d - 15, -5*h + 2*d = -15 - 40. Let t be w(h). What is the units digit of (86/4)/(7/t)?
3
Suppose i + i = 5*p + 4, 4*p - 3*i - 1 = 0. What is the units digit of (-777)/(-15) + p/(-10)?
2
Suppose -8*b = -5*b - 36. Suppose -4*r = -3*j + 109 + 17, -156 = 5*r - 3*j. Let i = b - r. What is the tens digit of i?
4
Let v(o) = -12*o**3 + 54*o**2 + 171*o - 1. What is the tens digit of v(-3)?
9
Let p = 4948 - 271. What is the tens digit of p?
7
What is the units digit of 15/30 + (-2061)/(-2) + 4?
5
Let c(a) = -a**3 + 8*a**2 - 3*a + 10. Let v = -34 - -41. What is the tens digit of c(v)?
3
Suppose -u = 2*m - 15, u + m - 4*m - 5 = 0. Suppose -5*q - u = 9. What is the units digit of (-6)/4*(2 + q)?
3
Let n = 184 - 153. Let i = 38 - n. What is the units digit of i?
7
Suppose 2*u - x - 2*x + 18 = 0, 5*u + 2*x = -83. Let z = u + 14. Let w(r) = -10*r. What is the tens digit of w(z)?
1
Let m = 310 - 246. What is the tens digit of m?
6
Suppose 2*y + 37 = g, 0 - 15 = -5*y. Suppose -4*z + 781 = -g. What is the hundreds digit of z?
2
Suppose k - 3*c = 18